{"id":18,"date":"2018-03-10T17:45:37","date_gmt":"2018-03-10T16:45:37","guid":{"rendered":"http:\/\/fire.ue.wroc.pl\/?page_id=18"},"modified":"2018-03-12T14:56:58","modified_gmt":"2018-03-12T13:56:58","slug":"o-katedrze","status":"publish","type":"page","link":"https:\/\/fire.ue.wroc.pl\/?page_id=18","title":{"rendered":"O katedrze"},"content":{"rendered":"<p>Katedra Inwestycji Finansowych i Zarz\u0105dzania Ryzykiem powsta\u0142a 15 lutego 2006 roku w wyniku podzia\u0142u Katedry Inwestycji Finansowych i Ubezpiecze\u0144. <\/p>\n<p>Obecnie w Katedrze zatrudnionych jest 12 pracownik\u00f3w naukowo-dydaktycznych i jeden pracownik administracyjno-techniczny. W sk\u0142ad Katedry wchodzi te\u017c wielu doktorant\u00f3w.<\/p>\n<p>Licz\u0105c od oficjalnej daty powstania Katedry, 14 jej doktorant\u00f3w obroni\u0142o prace doktorskie przygotowane pod opiek\u0105 Kierownika Katedry, prof. dr hab. Krzysztofa Jajugi, za\u015b dw\u00f3ch pracownik\u00f3w uzyska\u0142o stopie\u0144 naukowy doktora habilitowanego. Dr hab. Katarzyna Kuziak, profesor UE, otrzyma\u0142a ponadto wyr\u00f3\u017cnienie w Konkursie Prezesa NBP na najlepsz\u0105 prac\u0119 habilitacyjn\u0105, a dr Bartosz Kaszuba otrzyma\u0142 wyr\u00f3\u017cnienie w Konkursie Prezesa NBP na najlepsz\u0105 prac\u0119 doktorsk\u0105.<\/p>\n<p>12 marca 2012 r. Senat Uniwersytetu Ekonomicznego w Krakowie przyzna\u0142 profesorowi Krzysztofowi Jajudze tytu\u0142 doktora honoris causa w uznaniu jego osi\u0105gni\u0119\u0107 naukowych w dziedzinie metod klasyfikacji i analizy danych, w szczeg\u00f3lno\u015bci dotycz\u0105cych proces\u00f3w finansowych, oraz za wk\u0142ad w rozw\u00f3j kadr naukowych na polskich uczelniach ekonomicznych.<\/p>\n<p>W Katedrze powsta\u0142o ponad 400 publikacji, w tym liczne ksi\u0105\u017cki. Pracownicy Katedry wsp\u00f3\u0142pracowali w badaniach naukowych finansowanych w ramach grant\u00f3w NCN i NCBiR. S\u0105 oni tak\u017ce autorami ekspertyz i opinii wydawanych na potrzeby praktyki gospodarczej.<\/p>\n<p>Katedra Inwestycji finansowych i Zarz\u0105dzania Ryzykiem, wsp\u00f3lnie z Katedr\u0105 Ubezpiecze\u0144, zorganizowa\u0142a 17 konferencji z cyklu &#8222;Inwestycje finansowe i ubezpieczenia\u201d, a od roku 2015, wraz z innymi katedrami Instytutu, wsp\u00f3\u0142organizuje konferencj\u0119 \u201eWROFIN\u201d.<\/p>\n<p>Dzia\u0142alno\u015b\u0107 dydaktyczna Katedry obejmuje prowadzenie przedmiot\u00f3w z obszar\u00f3w rynk\u00f3w i instrument\u00f3w finansowych, inwestycji finansowych, zarz\u0105dzania ryzykiem i finans\u00f3w osobistych, a tak\u017ce przedmiot\u00f3w powi\u0105zanych. Pracownicy i doktoranci Katedry prowadz\u0105 zaj\u0119cia na angloj\u0119zycznych studiach Bachelor Studies in Finance oraz Master Studies in Finance, kt\u00f3rych za\u0142o\u017cycielem i kierownikiem jest Kierownik Katedry, prof. dr hab. Krzysztof Jajuga. W roku 2015 programy BSF i MSF otrzyma\u0142y akredytacj\u0119 EPAS. Studenci tych program\u00f3w wielokrotnie zajmowali wysokie miejsca w presti\u017cowych mi\u0119dzynarodowych konkursach studenckich z dziedzin zwi\u0105zanych z kierunkiem tych studi\u00f3w. <\/p>\n<p>Katedra prowadzi szerok\u0105 wsp\u00f3\u0142prac\u0119 z krajowymi i zagranicznymi o\u015brodkami akademickimi oraz licznymi instytucjami i organizacjami, w tym reprezentantami praktyki gospodarczej.<\/p>\n","protected":false},"excerpt":{"rendered":"<p>Katedra Inwestycji Finansowych i Zarz\u0105dzania Ryzykiem powsta\u0142a 15 lutego 2006 roku w wyniku podzia\u0142u Katedry Inwestycji Finansowych i Ubezpiecze\u0144. Obecnie w Katedrze zatrudnionych jest 12 pracownik\u00f3w naukowo-dydaktycznych i jeden pracownik&#8230; <\/p>\n","protected":false},"author":1,"featured_media":185,"parent":0,"menu_order":0,"comment_status":"closed","ping_status":"closed","template":"","meta":{"footnotes":""},"class_list":["post-18","page","type-page","status-publish","has-post-thumbnail","hentry"],"_links":{"self":[{"href":"https:\/\/fire.ue.wroc.pl\/index.php?rest_route=\/wp\/v2\/pages\/18","targetHints":{"allow":["GET"]}}],"collection":[{"href":"https:\/\/fire.ue.wroc.pl\/index.php?rest_route=\/wp\/v2\/pages"}],"about":[{"href":"https:\/\/fire.ue.wroc.pl\/index.php?rest_route=\/wp\/v2\/types\/page"}],"author":[{"embeddable":true,"href":"https:\/\/fire.ue.wroc.pl\/index.php?rest_route=\/wp\/v2\/users\/1"}],"replies":[{"embeddable":true,"href":"https:\/\/fire.ue.wroc.pl\/index.php?rest_route=%2Fwp%2Fv2%2Fcomments&post=18"}],"version-history":[{"count":3,"href":"https:\/\/fire.ue.wroc.pl\/index.php?rest_route=\/wp\/v2\/pages\/18\/revisions"}],"predecessor-version":[{"id":187,"href":"https:\/\/fire.ue.wroc.pl\/index.php?rest_route=\/wp\/v2\/pages\/18\/revisions\/187"}],"wp:featuredmedia":[{"embeddable":true,"href":"https:\/\/fire.ue.wroc.pl\/index.php?rest_route=\/wp\/v2\/media\/185"}],"wp:attachment":[{"href":"https:\/\/fire.ue.wroc.pl\/index.php?rest_route=%2Fwp%2Fv2%2Fmedia&parent=18"}],"curies":[{"name":"wp","href":"https:\/\/api.w.org\/{rel}","templated":true}]}}